{"id":2108,"date":"2026-03-09T13:21:20","date_gmt":"2026-03-09T12:21:20","guid":{"rendered":"https:\/\/legrandlieu.com\/?page_id=2108"},"modified":"2026-03-10T08:54:52","modified_gmt":"2026-03-10T07:54:52","slug":"nos-portes-ouvertes-programme","status":"publish","type":"page","link":"https:\/\/legrandlieu.com\/index.php\/grandlieu-bouaye-sante-equilibre\/nos-portes-ouvertes-programme\/","title":{"rendered":"Nos Portes Ouvertes &#8211; Programme"},"content":{"rendered":"\t\t<div data-elementor-type=\"wp-page\" data-elementor-id=\"2108\" class=\"elementor elementor-2108\">\n\t\t\t\t<div class=\"elementor-element elementor-element-74f5bbd2 e-flex e-con-boxed wpr-particle-no wpr-jarallax-no wpr-parallax-no wpr-sticky-section-no wpr-equal-height-no e-con e-parent\" data-id=\"74f5bbd2\" data-element_type=\"container\" data-e-type=\"container\">\n\t\t\t\t\t<div class=\"e-con-inner\">\n\t\t\t\t<div class=\"elementor-element elementor-element-6230e479 elementor-widget elementor-widget-text-editor\" data-id=\"6230e479\" data-element_type=\"widget\" data-e-type=\"widget\" data-widget_type=\"text-editor.default\">\n\t\t\t\t<div class=\"elementor-widget-container\">\n\t\t\t\t\t\t\t\t\t\n<p>Vous trouverez ci-dessous l&rsquo;ensemble des ateliers et conf\u00e9rences que nous vous proposons les vendredi 10 et samedi 11 avril prochain. Nous vous invitons \u00e0 faire votre choix, \u00e9ventuellement \u00e0 vous inscrire par avance (cela nous aide \u00e0 l&rsquo;organisation) en contactant chaque praticien-ne par mail.<br>\nMerci et au plaisir de vous rencontrer.<\/p>\n\n\n\n<div data-wp-context=\"{ &quot;autoclose&quot;: false, &quot;accordionItems&quot;: [] }\" data-wp-interactive=\"core\/accordion\" role=\"group\" class=\"wp-block-accordion is-layout-flow wp-block-accordion-is-layout-flow\">\n<div data-wp-class--is-open=\"state.isOpen\" data-wp-context=\"{ &quot;id&quot;: &quot;accordion-item-2&quot;, &quot;openByDefault&quot;: false }\" data-wp-init=\"callbacks.initAccordionItems\" data-wp-on-window--hashchange=\"callbacks.hashChange\" class=\"wp-block-accordion-item is-layout-flow wp-block-accordion-item-is-layout-flow\">\n<h3 class=\"wp-block-accordion-heading\"><button aria-expanded=\"false\" aria-controls=\"accordion-item-2-panel\" data-wp-bind--aria-expanded=\"state.isOpen\" data-wp-on--click=\"actions.toggle\" data-wp-on--keydown=\"actions.handleKeyDown\" id=\"accordion-item-2\" type=\"button\" class=\"wp-block-accordion-heading__toggle\"><span class=\"wp-block-accordion-heading__toggle-title\"><\/span><span class=\"wp-block-accordion-heading__toggle-icon\" aria-hidden=\"true\">+<\/span><\/button><\/h3>\n\n\n\n<div inert aria-labelledby=\"accordion-item-2\" data-wp-bind--inert=\"!state.isOpen\" id=\"accordion-item-2-panel\" role=\"region\" class=\"wp-block-accordion-panel is-layout-flow wp-block-accordion-panel-is-layout-flow\">\n<p><\/p>\n<\/div>\n<\/div>\n<\/div>\n\n\n\n<p><\/p>\n\t\t\t\t\t\t\t\t<\/div>\n\t\t\t\t<\/div>\n\t\t\t\t\t<\/div>\n\t\t\t\t<\/div>\n\t\t<div class=\"elementor-element elementor-element-395bbec e-flex e-con-boxed wpr-particle-no wpr-jarallax-no wpr-parallax-no wpr-sticky-section-no wpr-equal-height-no e-con e-parent\" data-id=\"395bbec\" data-element_type=\"container\" data-e-type=\"container\">\n\t\t\t\t\t<div class=\"e-con-inner\">\n\t\t\t\t\t<\/div>\n\t\t\t\t<\/div>\n\t\t\t\t<\/div>\n\t\t","protected":false},"excerpt":{"rendered":"<p>Vous trouverez ci-dessous l&rsquo;ensemble des ateliers et conf\u00e9rences que nous vous proposons les vendredi 10 et samedi 11 avril prochain. Nous vous invitons \u00e0 faire votre choix, \u00e9ventuellement \u00e0 vous inscrire par avance (cela nous aide \u00e0 l&rsquo;organisation) en contactant chaque praticien-ne par mail. Merci et au plaisir de vous rencontrer.<\/p>\n","protected":false},"author":2,"featured_media":0,"parent":245,"menu_order":0,"comment_status":"closed","ping_status":"closed","template":"","meta":{"_kadence_starter_templates_imported_post":false,"footnotes":""},"class_list":["post-2108","page","type-page","status-publish","hentry"],"_links":{"self":[{"href":"https:\/\/legrandlieu.com\/index.php\/wp-json\/wp\/v2\/pages\/2108","targetHints":{"allow":["GET"]}}],"collection":[{"href":"https:\/\/legrandlieu.com\/index.php\/wp-json\/wp\/v2\/pages"}],"about":[{"href":"https:\/\/legrandlieu.com\/index.php\/wp-json\/wp\/v2\/types\/page"}],"author":[{"embeddable":true,"href":"https:\/\/legrandlieu.com\/index.php\/wp-json\/wp\/v2\/users\/2"}],"replies":[{"embeddable":true,"href":"https:\/\/legrandlieu.com\/index.php\/wp-json\/wp\/v2\/comments?post=2108"}],"version-history":[{"count":6,"href":"https:\/\/legrandlieu.com\/index.php\/wp-json\/wp\/v2\/pages\/2108\/revisions"}],"predecessor-version":[{"id":2158,"href":"https:\/\/legrandlieu.com\/index.php\/wp-json\/wp\/v2\/pages\/2108\/revisions\/2158"}],"up":[{"embeddable":true,"href":"https:\/\/legrandlieu.com\/index.php\/wp-json\/wp\/v2\/pages\/245"}],"wp:attachment":[{"href":"https:\/\/legrandlieu.com\/index.php\/wp-json\/wp\/v2\/media?parent=2108"}],"curies":[{"name":"wp","href":"https:\/\/api.w.org\/{rel}","templated":true}]}}

<div data-elementor-type="wp-page" data-elementor-id="2108" class="elementor elementor-2108">
				<div class="elementor-element elementor-element-74f5bbd2 e-flex e-con-boxed wpr-particle-no wpr-jarallax-no wpr-parallax-no wpr-sticky-section-no wpr-equal-height-no e-con e-parent" data-id="74f5bbd2" data-element_type="container" data-e-type="container">
					<div class="e-con-inner">
				<div class="elementor-element elementor-element-6230e479 elementor-widget elementor-widget-text-editor" data-id="6230e479" data-element_type="widget" data-e-type="widget" data-widget_type="text-editor.default">
				<div class="elementor-widget-container">
									
<p>Vous trouverez ci-dessous l&rsquo;ensemble des ateliers et conférences que nous vous proposons les vendredi 10 et samedi 11 avril prochain. Nous vous invitons à faire votre choix, éventuellement à vous inscrire par avance (cela nous aide à l&rsquo;organisation) en contactant chaque praticien-ne par mail.<br>
Merci et au plaisir de vous rencontrer.</p>



<div data-wp-context="{ &quot;autoclose&quot;: false, &quot;accordionItems&quot;: [] }" data-wp-interactive="core/accordion" role="group" class="wp-block-accordion is-layout-flow wp-block-accordion-is-layout-flow">
<div data-wp-class--is-open="state.isOpen" data-wp-context="{ &quot;id&quot;: &quot;accordion-item-2&quot;, &quot;openByDefault&quot;: false }" data-wp-init="callbacks.initAccordionItems" data-wp-on-window--hashchange="callbacks.hashChange" class="wp-block-accordion-item is-layout-flow wp-block-accordion-item-is-layout-flow">
<h3 class="wp-block-accordion-heading"><button aria-expanded="false" aria-controls="accordion-item-2-panel" data-wp-bind--aria-expanded="state.isOpen" data-wp-on--click="actions.toggle" data-wp-on--keydown="actions.handleKeyDown" id="accordion-item-2" type="button" class="wp-block-accordion-heading__toggle"><span class="wp-block-accordion-heading__toggle-title"></span><span class="wp-block-accordion-heading__toggle-icon" aria-hidden="true">+</span></button></h3>



<div inert aria-labelledby="accordion-item-2" data-wp-bind--inert="!state.isOpen" id="accordion-item-2-panel" role="region" class="wp-block-accordion-panel is-layout-flow wp-block-accordion-panel-is-layout-flow">
<p></p>
</div>
</div>
</div>



<p></p>
								</div>
				</div>
					</div>
				</div>
		<div class="elementor-element elementor-element-395bbec e-flex e-con-boxed wpr-particle-no wpr-jarallax-no wpr-parallax-no wpr-sticky-section-no wpr-equal-height-no e-con e-parent" data-id="395bbec" data-element_type="container" data-e-type="container">
					<div class="e-con-inner">
					</div>
				</div>
				</div>

<p>Vous trouverez ci-dessous l&rsquo;ensemble des ateliers et conférences que nous vous proposons les vendredi 10 et samedi 11 avril prochain. Nous vous invitons à faire votre choix, éventuellement à vous inscrire par avance (cela nous aide à l&rsquo;organisation) en contactant chaque praticien-ne par mail. Merci et au plaisir de vous rencontrer.</p>
